{"id":9709,"date":"2025-02-25T16:51:43","date_gmt":"2025-02-25T13:51:43","guid":{"rendered":"https:\/\/roboromania.ro\/?post_type=product&#038;p=9709"},"modified":"2026-04-20T10:26:20","modified_gmt":"2026-04-20T07:26:20","slug":"ciocan-de-lipit-220v-60w-467-letcon","status":"publish","type":"product","link":"https:\/\/roboromania.ro\/?product=ciocan-de-lipit-220v-60w-467-letcon","title":{"rendered":"Ciocan de lipit 220v 60w (467) (letcon)"},"content":{"rendered":"<p>Ciocan de lipit 220v 60w (letcon)<\/p>\n<p>&nbsp;<\/p>\n<p><a href=\"https:\/\/roboromania.ro\/wp-content\/uploads\/2025\/02\/Letcon-60W.jpg\"><img loading=\"lazy\" decoding=\"async\" class=\"alignnone size-medium wp-image-9710\" src=\"https:\/\/roboromania.ro\/wp-content\/uploads\/2025\/02\/Letcon-60W-300x217.jpg\" alt=\"\" width=\"300\" height=\"217\" srcset=\"https:\/\/roboromania.ro\/wp-content\/uploads\/2025\/02\/Letcon-60W-300x217.jpg 300w, https:\/\/roboromania.ro\/wp-content\/uploads\/2025\/02\/Letcon-60W-600x435.jpg 600w, https:\/\/roboromania.ro\/wp-content\/uploads\/2025\/02\/Letcon-60W.jpg 636w\" sizes=\"auto, (max-width: 300px) 100vw, 300px\" \/><\/a><\/p>\n<p>Studen\u021bii \u0219i iubitorii de electronica trebuie sa aib\u0103 cel pu\u021bin un letcon.<\/p>\n<p>construit din o\u021bel cromat cu \u00eenc\u0103lzitor ceramic durabil de \u00eenalt\u0103 calitate<br \/>\nGreutate redus\u0103 \u0219i m\u00e2ner tip &#8222;pencil&#8221;<br \/>\ntemperatura 350 \u00b0 C<br \/>\nIdeal pentru hobby-uri, montaje \u0219i kituri electronice<br \/>\nVoltaj: 220V<br \/>\nPutere: 60W<\/p>\n","protected":false},"excerpt":{"rendered":"<p>Ciocan de lipit 220v 60w (letcon) &nbsp; Studen\u021bii \u0219i iubitorii de electronica trebuie sa aib\u0103 cel pu\u021bin un letcon. construit din o\u021bel cromat cu \u00eenc\u0103lzitor ceramic durabil de \u00eenalt\u0103 calitate Greutate redus\u0103 \u0219i m\u00e2ner tip &#8222;pencil&#8221; temperatura 350 \u00b0 C Ideal pentru hobby-uri, montaje \u0219i kituri electronice Voltaj: 220V Putere: 60W<\/p>\n","protected":false},"featured_media":9711,"comment_status":"open","ping_status":"closed","template":"","meta":[],"product_brand":[],"product_cat":[289],"product_tag":[291,290,292],"class_list":{"0":"post-9709","1":"product","2":"type-product","3":"status-publish","4":"has-post-thumbnail","6":"product_cat-unelte-si-scule","7":"product_tag-ciocan","8":"product_tag-letcon","9":"product_tag-lipit","11":"first","12":"outofstock","13":"sale","14":"sold-individually","15":"shipping-taxable","16":"purchasable","17":"product-type-simple"},"_links":{"self":[{"href":"https:\/\/roboromania.ro\/index.php?rest_route=\/wp\/v2\/product\/9709","targetHints":{"allow":["GET"]}}],"collection":[{"href":"https:\/\/roboromania.ro\/index.php?rest_route=\/wp\/v2\/product"}],"about":[{"href":"https:\/\/roboromania.ro\/index.php?rest_route=\/wp\/v2\/types\/product"}],"replies":[{"embeddable":true,"href":"https:\/\/roboromania.ro\/index.php?rest_route=%2Fwp%2Fv2%2Fcomments&post=9709"}],"wp:featuredmedia":[{"embeddable":true,"href":"https:\/\/roboromania.ro\/index.php?rest_route=\/wp\/v2\/media\/9711"}],"wp:attachment":[{"href":"https:\/\/roboromania.ro\/index.php?rest_route=%2Fwp%2Fv2%2Fmedia&parent=9709"}],"wp:term":[{"taxonomy":"product_brand","embeddable":true,"href":"https:\/\/roboromania.ro\/index.php?rest_route=%2Fwp%2Fv2%2Fproduct_brand&post=9709"},{"taxonomy":"product_cat","embeddable":true,"href":"https:\/\/roboromania.ro\/index.php?rest_route=%2Fwp%2Fv2%2Fproduct_cat&post=9709"},{"taxonomy":"product_tag","embeddable":true,"href":"https:\/\/roboromania.ro\/index.php?rest_route=%2Fwp%2Fv2%2Fproduct_tag&post=9709"}],"curies":[{"name":"wp","href":"https:\/\/api.w.org\/{rel}","templated":true}]}}