{"id":8962,"date":"2022-04-02T10:36:44","date_gmt":"2022-04-02T07:36:44","guid":{"rendered":"https:\/\/roboromania.ro\/produs\/kit-monitorizarea-online-a-energiei-electrice-acasa-uno-construieste-singur\/"},"modified":"2025-11-24T16:30:47","modified_gmt":"2025-11-24T13:30:47","slug":"kit-monitorizarea-online-a-energiei-electrice-acasa-uno-construieste-singur","status":"publish","type":"product","link":"https:\/\/roboromania.ro\/?product=kit-monitorizarea-online-a-energiei-electrice-acasa-uno-construieste-singur","title":{"rendered":"Kit Monitorizarea Online a energiei electrice acas\u0103 (UNO)  &#8211; PRECOMANDA"},"content":{"rendered":"<p>Kit Monitorizarea energiei electrice acas\u0103<\/p>\n<p><strong><span style=\"color: #0000ff;\">Acesta este un proiect realizat de noi \u015fi este pe larg prezentat la sec\u021biunea &#8222;<a style=\"color: #0000ff;\" href=\"http:\/\/roboromania.ro\/projects\/\" target=\"_blank\" rel=\"noopener\">Proiecte<\/a>&#8222;<\/span><\/strong><br \/>\n<strong><span style=\"color: #0000ff;\"> <a style=\"color: #0000ff;\" href=\"http:\/\/roboromania.ro\/2015\/12\/06\/monitorizarea-energiei-electrice-acasa-serverweb-energy\/\" target=\"_blank\" rel=\"noopener\">Monitorizarea energiei electrice acas\u0103 (ServerWeb Energy)<\/a><\/span><\/strong><br \/>\nMonitorizarea energiei electrice de acas\u0103 prin internet, adic\u0103 s\u0103 supraveghem consumul electric al casei \u00een care locuim.<br \/>\nNimic mai simplu.<br \/>\nVom m\u0103sura curentul \u015fi tensiunea consumata instantaneu c\u00e2t \u015fi pe un interval de timp stabilit pe care le vom desena \u00eentr-o pagin\u0103 web sub form\u0103 de grafic.<\/p>\n<p><span style=\"color: #ff0000;\">Aten\u021bie : kitul este neasamblat.<\/span> Trebuie construit din piesele \u0219i modulele electronice pe care le con\u021bine.<br \/>\nApoi trebuia uploadat codul pe Arduino<\/p>\n<p>Kit-ul con\u0163ine :<\/p>\n<p>Plac\u0103 de dezvoltare UNO \u2013 Plac\u0103 de dezvoltare compatibila Arduino<br \/>\nModul Ethernet W5100 TCP \/ IP, TCP<br \/>\nSenzor de curent 5A pasiv (la cerere cu clip)<br \/>\nAmplificator opera\u0163ional LM324 sau LM358<br \/>\nDiverse necesare (transformator 6v, diode 1N4148, diode 1N4007, rezisten\u0163e, poten\u0163iometre, condensatoare, fire, plac\u0103 prototip, conectoare, socluri)<br \/>\nMemorie EEPROM I2C 24LC256<\/p>\n<p><a href=\"http:\/\/roboromania.ro\/proiecte\/monitorizare-energie\/serverWeb_Energy_roboromania.zip\">Uite \u0219i un cod care s\u0103 te inspire<\/a> \u0219i nu uita s\u0103 cite\u0219ti \u0219i <a href=\"http:\/\/roboromania.ro\/wp-admin\/post.php?post=1020&amp;action=edit\" target=\"_blank\" rel=\"noopener\">Monitorizarea energiei electrice acas\u0103 (ServerWeb Energy)<\/a> &#8211; pentru avansa\u021bi<\/p>\n<p><a href=\"http:\/\/roboromania.ro\/wp-content\/uploads\/2015\/12\/MEA-online-UNO-schema.jpg\"><img loading=\"lazy\" decoding=\"async\" class=\"alignnone size-medium wp-image-5044\" src=\"http:\/\/roboromania.ro\/wp-content\/uploads\/2015\/12\/MEA-online-UNO-schema-300x210.jpg\" alt=\"mea-online-uno-schema\" width=\"300\" height=\"210\" srcset=\"https:\/\/roboromania.ro\/wp-content\/uploads\/2015\/12\/MEA-online-UNO-schema-300x210.jpg 300w, https:\/\/roboromania.ro\/wp-content\/uploads\/2015\/12\/MEA-online-UNO-schema-1024x718.jpg 1024w\" sizes=\"auto, (max-width: 300px) 100vw, 300px\" \/><\/a><\/p>\n","protected":false},"excerpt":{"rendered":"<p>Construie\u0219te singur &#8211; Aparat tip Arduino pentru Monitorizarea energiei electrice acas\u0103<br \/>\nMonitorizarea energiei electrice de acas\u0103 prin internet, adic\u0103 s\u0103 supraveghem consumul electric al casei \u00een care locuim.<\/p>\n","protected":false},"featured_media":5046,"comment_status":"open","ping_status":"closed","template":"","meta":[],"product_brand":[],"product_cat":[177],"product_tag":[92,7,22,23,83,131,32,25,18,41,40,78,79,21,70],"class_list":{"0":"post-8962","1":"product","2":"type-product","3":"status-publish","4":"has-post-thumbnail","6":"product_cat-kituri-complete-pentru-proiecte","7":"product_tag-5v","8":"product_tag-arduino","9":"product_tag-atmega","10":"product_tag-atmega328","11":"product_tag-bluetooth","12":"product_tag-driver","13":"product_tag-i2c","14":"product_tag-mini","15":"product_tag-motor","16":"product_tag-sensor","17":"product_tag-senzor","18":"product_tag-sursa","19":"product_tag-tensiune","20":"product_tag-uno","21":"product_tag-wiznet","23":"first","24":"onbackorder","25":"sold-individually","26":"shipping-taxable","27":"purchasable","28":"product-type-simple"},"_links":{"self":[{"href":"https:\/\/roboromania.ro\/index.php?rest_route=\/wp\/v2\/product\/8962","targetHints":{"allow":["GET"]}}],"collection":[{"href":"https:\/\/roboromania.ro\/index.php?rest_route=\/wp\/v2\/product"}],"about":[{"href":"https:\/\/roboromania.ro\/index.php?rest_route=\/wp\/v2\/types\/product"}],"replies":[{"embeddable":true,"href":"https:\/\/roboromania.ro\/index.php?rest_route=%2Fwp%2Fv2%2Fcomments&post=8962"}],"wp:featuredmedia":[{"embeddable":true,"href":"https:\/\/roboromania.ro\/index.php?rest_route=\/wp\/v2\/media\/5046"}],"wp:attachment":[{"href":"https:\/\/roboromania.ro\/index.php?rest_route=%2Fwp%2Fv2%2Fmedia&parent=8962"}],"wp:term":[{"taxonomy":"product_brand","embeddable":true,"href":"https:\/\/roboromania.ro\/index.php?rest_route=%2Fwp%2Fv2%2Fproduct_brand&post=8962"},{"taxonomy":"product_cat","embeddable":true,"href":"https:\/\/roboromania.ro\/index.php?rest_route=%2Fwp%2Fv2%2Fproduct_cat&post=8962"},{"taxonomy":"product_tag","embeddable":true,"href":"https:\/\/roboromania.ro\/index.php?rest_route=%2Fwp%2Fv2%2Fproduct_tag&post=8962"}],"curies":[{"name":"wp","href":"https:\/\/api.w.org\/{rel}","templated":true}]}}