{"id":660,"date":"2015-11-19T17:45:52","date_gmt":"2015-11-19T14:45:52","guid":{"rendered":"http:\/\/arduinoshop.ro\/index.php\/produs\/modul-joystick-xy-axis-pentru-arduino\/"},"modified":"2018-04-17T09:12:44","modified_gmt":"2018-04-17T06:12:44","slug":"modul-joystick-xy-axis-pentru-arduino","status":"publish","type":"product","link":"https:\/\/roboromania.ro\/?product=modul-joystick-xy-axis-pentru-arduino","title":{"rendered":"Modul joystick XY-axis (146) pentru proiecte Arduino"},"content":{"rendered":"<p>Modul joystick XY-axis pentru proiecte Arduino<br \/>\njoystick cu poten\u0163iometre de \u00eenalt\u0103 calitate cu ie\u0219ire (X, Y) 2-axe analogic \u015fi un buton digital<\/p>\n<p><a href=\"http:\/\/roboromania.ro\/wp-content\/uploads\/2015\/11\/joystick-XY-axisXY-axis-joystick-module-roboromania-328.jpg\"><img loading=\"lazy\" decoding=\"async\" class=\"alignnone size-medium wp-image-834\" src=\"http:\/\/roboromania.ro\/wp-content\/uploads\/2015\/11\/joystick-XY-axisXY-axis-joystick-module-roboromania-328-300x273.jpg\" alt=\"joystick-XY-axisXY-axis-joystick-module-roboromania-328\" width=\"300\" height=\"273\" srcset=\"https:\/\/roboromania.ro\/wp-content\/uploads\/2015\/11\/joystick-XY-axisXY-axis-joystick-module-roboromania-328-300x273.jpg 300w, https:\/\/roboromania.ro\/wp-content\/uploads\/2015\/11\/joystick-XY-axisXY-axis-joystick-module-roboromania-328.jpg 741w\" sizes=\"auto, (max-width: 300px) 100vw, 300px\" \/><\/a><br \/>\nDimensiuni : 40 X 26 X 32 mm<br \/>\nPini: +5Vcc &#8211; GND &#8211; VRx &#8211; VRy &#8211; SW<\/p>\n<p>Arduino projects.<\/p>\n","protected":false},"excerpt":{"rendered":"<p>Modul joystick XY-axis pentru proiecte Arduino<br \/>\nArduino projects.<\/p>\n","protected":false},"featured_media":830,"comment_status":"open","ping_status":"closed","template":"","meta":[],"product_brand":[],"product_cat":[9],"product_tag":[7,213,77,214],"class_list":{"0":"post-660","1":"product","2":"type-product","3":"status-publish","4":"has-post-thumbnail","6":"product_cat-senzori","7":"product_tag-arduino","8":"product_tag-joystick","9":"product_tag-modul","10":"product_tag-xy-axis","12":"first","13":"instock","14":"sale","15":"shipping-taxable","16":"purchasable","17":"product-type-simple"},"_links":{"self":[{"href":"https:\/\/roboromania.ro\/index.php?rest_route=\/wp\/v2\/product\/660","targetHints":{"allow":["GET"]}}],"collection":[{"href":"https:\/\/roboromania.ro\/index.php?rest_route=\/wp\/v2\/product"}],"about":[{"href":"https:\/\/roboromania.ro\/index.php?rest_route=\/wp\/v2\/types\/product"}],"replies":[{"embeddable":true,"href":"https:\/\/roboromania.ro\/index.php?rest_route=%2Fwp%2Fv2%2Fcomments&post=660"}],"wp:featuredmedia":[{"embeddable":true,"href":"https:\/\/roboromania.ro\/index.php?rest_route=\/wp\/v2\/media\/830"}],"wp:attachment":[{"href":"https:\/\/roboromania.ro\/index.php?rest_route=%2Fwp%2Fv2%2Fmedia&parent=660"}],"wp:term":[{"taxonomy":"product_brand","embeddable":true,"href":"https:\/\/roboromania.ro\/index.php?rest_route=%2Fwp%2Fv2%2Fproduct_brand&post=660"},{"taxonomy":"product_cat","embeddable":true,"href":"https:\/\/roboromania.ro\/index.php?rest_route=%2Fwp%2Fv2%2Fproduct_cat&post=660"},{"taxonomy":"product_tag","embeddable":true,"href":"https:\/\/roboromania.ro\/index.php?rest_route=%2Fwp%2Fv2%2Fproduct_tag&post=660"}],"curies":[{"name":"wp","href":"https:\/\/api.w.org\/{rel}","templated":true}]}}