{"id":587,"date":"2015-11-03T18:31:41","date_gmt":"2015-11-03T15:31:41","guid":{"rendered":"http:\/\/arduinoshop.ro\/index.php\/produs\/led-ir-infrarosu-infrared-940nm-de-5mm\/"},"modified":"2023-03-20T13:41:02","modified_gmt":"2023-03-20T10:41:02","slug":"led-ir-infrarosu-infrared-940nm-de-5mm","status":"publish","type":"product","link":"https:\/\/roboromania.ro\/?product=led-ir-infrarosu-infrared-940nm-de-5mm","title":{"rendered":"LED IR Infraro\u0219u Infrared 940nm de 5mm"},"content":{"rendered":"<p>LED IR Infraro\u0219u Infrared 940nm de 5mm<\/p>\n<p><a href=\"https:\/\/roboromania.ro\/wp-content\/uploads\/2015\/11\/LED-white-alb-robo-romania.jpg\"><img loading=\"lazy\" decoding=\"async\" class=\"alignnone size-full wp-image-760\" src=\"https:\/\/roboromania.ro\/wp-content\/uploads\/2015\/11\/LED-white-alb-robo-romania.jpg\" alt=\"LED-white-alb-robo-romania\" width=\"100\" height=\"112\" \/><\/a><br \/>\n5mm<br \/>\nTensiune de alimentare : 2,4v<br \/>\nCurent : 25 mA<br \/>\nTensiune de alimentare maxim\u0103 : 2,9v<br \/>\nATEN\u0162IE : nu dep\u0103\u015fi\u0163i tensiunea maxim\u0103 de alimentare.<br \/>\nLedurile sunt indispensabile pentru proiectele Arduino.<\/p>\n","protected":false},"excerpt":{"rendered":"<p>LED IR Infraro\u0219u Infrared 940nm pentru Arduino projects.<\/p>\n","protected":false},"featured_media":760,"comment_status":"open","ping_status":"closed","template":"","meta":[],"product_brand":[],"product_cat":[250,69],"product_tag":[7,148,228,143,152],"class_list":{"0":"post-587","1":"product","2":"type-product","3":"status-publish","4":"has-post-thumbnail","6":"product_cat-led","7":"product_cat-componente","8":"product_tag-arduino","9":"product_tag-galben","10":"product_tag-infrared","11":"product_tag-led","12":"product_tag-yellow","14":"first","15":"instock","16":"sale","17":"shipping-taxable","18":"purchasable","19":"product-type-simple"},"_links":{"self":[{"href":"https:\/\/roboromania.ro\/index.php?rest_route=\/wp\/v2\/product\/587","targetHints":{"allow":["GET"]}}],"collection":[{"href":"https:\/\/roboromania.ro\/index.php?rest_route=\/wp\/v2\/product"}],"about":[{"href":"https:\/\/roboromania.ro\/index.php?rest_route=\/wp\/v2\/types\/product"}],"replies":[{"embeddable":true,"href":"https:\/\/roboromania.ro\/index.php?rest_route=%2Fwp%2Fv2%2Fcomments&post=587"}],"wp:featuredmedia":[{"embeddable":true,"href":"https:\/\/roboromania.ro\/index.php?rest_route=\/wp\/v2\/media\/760"}],"wp:attachment":[{"href":"https:\/\/roboromania.ro\/index.php?rest_route=%2Fwp%2Fv2%2Fmedia&parent=587"}],"wp:term":[{"taxonomy":"product_brand","embeddable":true,"href":"https:\/\/roboromania.ro\/index.php?rest_route=%2Fwp%2Fv2%2Fproduct_brand&post=587"},{"taxonomy":"product_cat","embeddable":true,"href":"https:\/\/roboromania.ro\/index.php?rest_route=%2Fwp%2Fv2%2Fproduct_cat&post=587"},{"taxonomy":"product_tag","embeddable":true,"href":"https:\/\/roboromania.ro\/index.php?rest_route=%2Fwp%2Fv2%2Fproduct_tag&post=587"}],"curies":[{"name":"wp","href":"https:\/\/api.w.org\/{rel}","templated":true}]}}