{"id":4434,"date":"2018-03-16T19:46:45","date_gmt":"2018-03-16T16:46:45","guid":{"rendered":"http:\/\/roboromania.ro\/produs\/voltmetru-display-lcd-verde-565\/"},"modified":"2022-01-10T11:34:01","modified_gmt":"2022-01-10T08:34:01","slug":"voltmetru-display-lcd-verde-565","status":"publish","type":"product","link":"https:\/\/roboromania.ro\/?product=voltmetru-display-lcd-verde-565","title":{"rendered":"Voltmetru Display LCD verde (565)"},"content":{"rendered":"<p>Voltmetru Display LCD\u00a0verde 3 fire<\/p>\n<p><a href=\"https:\/\/roboromania.ro\/wp-content\/uploads\/2018\/03\/Voltmetru-digital-verde1.jpg\"><img loading=\"lazy\" decoding=\"async\" class=\"alignnone size-medium wp-image-8847\" src=\"https:\/\/roboromania.ro\/wp-content\/uploads\/2018\/03\/Voltmetru-digital-verde1-300x300.jpg\" alt=\"Voltmetru-digital-verde1\" width=\"300\" height=\"300\" srcset=\"https:\/\/roboromania.ro\/wp-content\/uploads\/2018\/03\/Voltmetru-digital-verde1-300x300.jpg 300w, https:\/\/roboromania.ro\/wp-content\/uploads\/2018\/03\/Voltmetru-digital-verde1-150x150.jpg 150w, https:\/\/roboromania.ro\/wp-content\/uploads\/2018\/03\/Voltmetru-digital-verde1-180x180.jpg 180w, https:\/\/roboromania.ro\/wp-content\/uploads\/2018\/03\/Voltmetru-digital-verde1.jpg 400w\" sizes=\"auto, (max-width: 300px) 100vw, 300px\" \/><\/a><a href=\"https:\/\/roboromania.ro\/wp-content\/uploads\/2018\/03\/Voltmetru-digital-verde2.jpg\"><img loading=\"lazy\" decoding=\"async\" class=\"alignnone size-medium wp-image-8848\" src=\"https:\/\/roboromania.ro\/wp-content\/uploads\/2018\/03\/Voltmetru-digital-verde2-300x300.jpg\" alt=\"Voltmetru-digital-verde2\" width=\"300\" height=\"300\" srcset=\"https:\/\/roboromania.ro\/wp-content\/uploads\/2018\/03\/Voltmetru-digital-verde2-300x300.jpg 300w, https:\/\/roboromania.ro\/wp-content\/uploads\/2018\/03\/Voltmetru-digital-verde2-150x150.jpg 150w, https:\/\/roboromania.ro\/wp-content\/uploads\/2018\/03\/Voltmetru-digital-verde2-180x180.jpg 180w, https:\/\/roboromania.ro\/wp-content\/uploads\/2018\/03\/Voltmetru-digital-verde2.jpg 400w\" sizes=\"auto, (max-width: 300px) 100vw, 300px\" \/><\/a><\/p>\n<p><span id=\"result_box\" class=\"\" lang=\"ro\"><span class=\"\">Domeniu de m\u0103surare: DC 2,7V-100V<\/span><br \/>\n<span class=\"\">Alimentarere: DC 4,5V-30V<\/span><br \/>\n<span class=\"\"><span style=\"color: #ff0000;\">Tensiune alimentare maxim\u0103: DC 30V<\/span>.<\/span> <span class=\"\">Aparatul poate fi deteriorat dac\u0103 intrarea dep\u0103\u0219e\u0219te 30V<\/span><br \/>\n<span class=\"\">Afi\u0219aj: trei tuburi digitale de 0,36 &#8222;<\/span><br \/>\n<span class=\"\">Precizia m\u0103sur\u0103rii: 0,1%<\/span><br \/>\n<span class=\"\">Impedan\u021b\u0103 de intrare: aproximativ 100K<\/span><br \/>\nCuloare afi\u0219aj: verde<br \/>\n<\/span><\/p>\n<p>Dimensiuni :\u00a029x15x10mm<\/p>\n<p><span style=\"color: #ff0000;\">Firul ROSU<\/span>: tensiune alimentare\u00a0voltmetru [4,5V &#8211; 30V]<br \/>\n<span style=\"color: #ff0000;\">Firul GALBEN<\/span>: tensiunea m\u0103surata de voltmetru [2,7V &#8211; 100V]<br \/>\n<span style=\"color: #ff0000;\">Firul NEGRU<\/span>: GND<\/p>\n<p><a href=\"http:\/\/roboromania.ro\/wp-content\/uploads\/2018\/03\/T1oXxJFjpdXXXXXXXX_0-item_pic.jpg\"><img loading=\"lazy\" decoding=\"async\" class=\"alignnone size-medium wp-image-4433\" src=\"http:\/\/roboromania.ro\/wp-content\/uploads\/2018\/03\/T1oXxJFjpdXXXXXXXX_0-item_pic-300x112.jpg\" alt=\"displays\" width=\"300\" height=\"112\" srcset=\"https:\/\/roboromania.ro\/wp-content\/uploads\/2018\/03\/T1oXxJFjpdXXXXXXXX_0-item_pic-300x112.jpg 300w, https:\/\/roboromania.ro\/wp-content\/uploads\/2018\/03\/T1oXxJFjpdXXXXXXXX_0-item_pic.jpg 694w\" sizes=\"auto, (max-width: 300px) 100vw, 300px\" \/><\/a><\/p>\n","protected":false},"excerpt":{"rendered":"<p>Voltmetru Display LCD\u00a0verde 3 fire Domeniu de m\u0103surare: DC 2,7V-100V Alimentarere: DC 4,5V-30V Tensiune alimentare maxim\u0103: DC 30V. Aparatul poate fi deteriorat dac\u0103 intrarea dep\u0103\u0219e\u0219te 30V Afi\u0219aj: trei tuburi digitale de 0,36 &#8222; Precizia m\u0103sur\u0103rii: 0,1% Impedan\u021b\u0103 de intrare: aproximativ 100K Culoare afi\u0219aj: verde Dimensiuni :\u00a029x15x10mm Firul ROSU: tensiune alimentare\u00a0voltmetru [4,5V &#8211; 30V] Firul GALBEN: [&hellip;]<\/p>\n","protected":false},"featured_media":8847,"comment_status":"open","ping_status":"closed","template":"","meta":[],"product_brand":[],"product_cat":[250,289,235],"product_tag":[103,266,56],"class_list":{"0":"post-4434","1":"product","2":"type-product","3":"status-publish","4":"has-post-thumbnail","6":"product_cat-led","7":"product_cat-unelte-si-scule","8":"product_cat-altele","9":"product_tag-digital","10":"product_tag-tester","11":"product_tag-usb","13":"first","14":"instock","15":"sale","16":"shipping-taxable","17":"purchasable","18":"product-type-simple"},"_links":{"self":[{"href":"https:\/\/roboromania.ro\/index.php?rest_route=\/wp\/v2\/product\/4434","targetHints":{"allow":["GET"]}}],"collection":[{"href":"https:\/\/roboromania.ro\/index.php?rest_route=\/wp\/v2\/product"}],"about":[{"href":"https:\/\/roboromania.ro\/index.php?rest_route=\/wp\/v2\/types\/product"}],"replies":[{"embeddable":true,"href":"https:\/\/roboromania.ro\/index.php?rest_route=%2Fwp%2Fv2%2Fcomments&post=4434"}],"wp:featuredmedia":[{"embeddable":true,"href":"https:\/\/roboromania.ro\/index.php?rest_route=\/wp\/v2\/media\/8847"}],"wp:attachment":[{"href":"https:\/\/roboromania.ro\/index.php?rest_route=%2Fwp%2Fv2%2Fmedia&parent=4434"}],"wp:term":[{"taxonomy":"product_brand","embeddable":true,"href":"https:\/\/roboromania.ro\/index.php?rest_route=%2Fwp%2Fv2%2Fproduct_brand&post=4434"},{"taxonomy":"product_cat","embeddable":true,"href":"https:\/\/roboromania.ro\/index.php?rest_route=%2Fwp%2Fv2%2Fproduct_cat&post=4434"},{"taxonomy":"product_tag","embeddable":true,"href":"https:\/\/roboromania.ro\/index.php?rest_route=%2Fwp%2Fv2%2Fproduct_tag&post=4434"}],"curies":[{"name":"wp","href":"https:\/\/api.w.org\/{rel}","templated":true}]}}