{"id":3786,"date":"2017-11-24T16:35:52","date_gmt":"2017-11-24T13:35:52","guid":{"rendered":"http:\/\/roboromania.ro\/produs\/placuta-modul-esp-mod-wireless-507\/"},"modified":"2022-12-07T12:27:40","modified_gmt":"2022-12-07T09:27:40","slug":"placuta-modul-esp-mod-wireless-507","status":"publish","type":"product","link":"https:\/\/roboromania.ro\/?product=placuta-modul-esp-mod-wireless-507","title":{"rendered":"Pl\u0103cut\u0103 Modul Suport ESP-MOD Wireless (507)"},"content":{"rendered":"<p>Pl\u0103cut\u0103 Modul ESP-MOD Wireless<br \/>\nCompatibil Arduino ESP-07, ESP-08, ESP-12E<\/p>\n<p><a href=\"http:\/\/roboromania.ro\/wp-content\/uploads\/2017\/11\/Placuta-esp-MOD-esp12e-roboromania.jpg\"><img loading=\"lazy\" decoding=\"async\" class=\"alignnone size-medium wp-image-3787\" src=\"http:\/\/roboromania.ro\/wp-content\/uploads\/2017\/11\/Placuta-esp-MOD-esp12e-roboromania-300x172.jpg\" alt=\"placuta-esp-mod-esp12e-roboromania\" width=\"300\" height=\"172\" srcset=\"https:\/\/roboromania.ro\/wp-content\/uploads\/2017\/11\/Placuta-esp-MOD-esp12e-roboromania-300x172.jpg 300w, https:\/\/roboromania.ro\/wp-content\/uploads\/2017\/11\/Placuta-esp-MOD-esp12e-roboromania.jpg 370w\" sizes=\"auto, (max-width: 300px) 100vw, 300px\" \/><\/a><a href=\"http:\/\/roboromania.ro\/wp-content\/uploads\/2017\/11\/Placuta-esp-MOD-esp12e-roboromania-f.jpg\"><img loading=\"lazy\" decoding=\"async\" class=\"alignnone size-full wp-image-3788\" src=\"http:\/\/roboromania.ro\/wp-content\/uploads\/2017\/11\/Placuta-esp-MOD-esp12e-roboromania-f.jpg\" alt=\"placuta-esp-mod-esp12e-roboromania-f\" width=\"150\" height=\"125\" \/><\/a><\/p>\n<p>Pentru u\u0219urarea lucrului cu Modul ESP8266MOD Wireless 802.11 b\/g\/n Wi-Fi Direct (478)<\/p>\n<p><a href=\"http:\/\/roboromania.ro\/wp-content\/uploads\/2017\/04\/esp8266MOD-esp12e-roboromania-sp.jpg\"><img loading=\"lazy\" decoding=\"async\" class=\"alignnone size-full wp-image-2952\" src=\"http:\/\/roboromania.ro\/wp-content\/uploads\/2017\/04\/esp8266MOD-esp12e-roboromania-sp.jpg\" alt=\"esp8266mod-esp12e-roboromania-sp\" width=\"128\" height=\"187\" \/><\/a><a href=\"http:\/\/roboromania.ro\/wp-content\/uploads\/2017\/04\/esp8266MOD-esp12e-roboromania-sc.jpg\"><img loading=\"lazy\" decoding=\"async\" class=\"alignnone wp-image-2953\" src=\"http:\/\/roboromania.ro\/wp-content\/uploads\/2017\/04\/esp8266MOD-esp12e-roboromania-sc-300x300.jpg\" alt=\"esp8266mod-esp12e-roboromania-sc\" width=\"199\" height=\"199\" srcset=\"https:\/\/roboromania.ro\/wp-content\/uploads\/2017\/04\/esp8266MOD-esp12e-roboromania-sc-300x300.jpg 300w, https:\/\/roboromania.ro\/wp-content\/uploads\/2017\/04\/esp8266MOD-esp12e-roboromania-sc-150x150.jpg 150w, https:\/\/roboromania.ro\/wp-content\/uploads\/2017\/04\/esp8266MOD-esp12e-roboromania-sc-180x180.jpg 180w, https:\/\/roboromania.ro\/wp-content\/uploads\/2017\/04\/esp8266MOD-esp12e-roboromania-sc.jpg 513w\" sizes=\"auto, (max-width: 199px) 100vw, 199px\" \/><\/a><br \/>\nArduino projects.<\/p>\n","protected":false},"excerpt":{"rendered":"<p>ESP8266 ofer\u0103 o solu\u021bie completa pentru re\u021bele de tip Wi-Fi compatibil Arduino<\/p>\n","protected":false},"featured_media":3788,"comment_status":"open","ping_status":"closed","template":"","meta":[],"product_brand":[],"product_cat":[15,10,208],"product_tag":[7,14,13,12,11],"class_list":{"0":"post-3786","1":"product","2":"type-product","3":"status-publish","4":"has-post-thumbnail","6":"product_cat-module","7":"product_cat-retea","8":"product_cat-wireless","9":"product_tag-arduino","10":"product_tag-ethernet","11":"product_tag-lan","12":"product_tag-wi-fi","13":"product_tag-wifi","15":"first","16":"instock","17":"sale","18":"shipping-taxable","19":"purchasable","20":"product-type-simple"},"_links":{"self":[{"href":"https:\/\/roboromania.ro\/index.php?rest_route=\/wp\/v2\/product\/3786","targetHints":{"allow":["GET"]}}],"collection":[{"href":"https:\/\/roboromania.ro\/index.php?rest_route=\/wp\/v2\/product"}],"about":[{"href":"https:\/\/roboromania.ro\/index.php?rest_route=\/wp\/v2\/types\/product"}],"replies":[{"embeddable":true,"href":"https:\/\/roboromania.ro\/index.php?rest_route=%2Fwp%2Fv2%2Fcomments&post=3786"}],"wp:featuredmedia":[{"embeddable":true,"href":"https:\/\/roboromania.ro\/index.php?rest_route=\/wp\/v2\/media\/3788"}],"wp:attachment":[{"href":"https:\/\/roboromania.ro\/index.php?rest_route=%2Fwp%2Fv2%2Fmedia&parent=3786"}],"wp:term":[{"taxonomy":"product_brand","embeddable":true,"href":"https:\/\/roboromania.ro\/index.php?rest_route=%2Fwp%2Fv2%2Fproduct_brand&post=3786"},{"taxonomy":"product_cat","embeddable":true,"href":"https:\/\/roboromania.ro\/index.php?rest_route=%2Fwp%2Fv2%2Fproduct_cat&post=3786"},{"taxonomy":"product_tag","embeddable":true,"href":"https:\/\/roboromania.ro\/index.php?rest_route=%2Fwp%2Fv2%2Fproduct_tag&post=3786"}],"curies":[{"name":"wp","href":"https:\/\/api.w.org\/{rel}","templated":true}]}}