{"id":3659,"date":"2017-11-11T11:57:26","date_gmt":"2017-11-11T08:57:26","guid":{"rendered":"http:\/\/roboromania.ro\/produs\/punte-redresoare-3a-700v-kbp307-493\/"},"modified":"2017-11-11T12:02:36","modified_gmt":"2017-11-11T09:02:36","slug":"punte-redresoare-3a-700v-kbp307-493","status":"publish","type":"product","link":"https:\/\/roboromania.ro\/?product=punte-redresoare-3a-700v-kbp307-493","title":{"rendered":"Punte redresoare 3A 700V KBP307 (493)"},"content":{"rendered":"<p>Compatibil Arduino<br \/>\nPunte redresoare 3A 700V KBP307 universal\u0103 foarte des folosit\u0103 \u00een montajele Arduino, pentru circuitele tip sursa sau circuitele de redresare curen\u021bi medii.<br \/>\n<a href=\"http:\/\/roboromania.ro\/wp-content\/uploads\/2017\/11\/Punte-redresoare-3A-700V-KBP307-roboromania.jpg\"><img loading=\"lazy\" decoding=\"async\" class=\"alignnone size-full wp-image-3660\" src=\"http:\/\/roboromania.ro\/wp-content\/uploads\/2017\/11\/Punte-redresoare-3A-700V-KBP307-roboromania.jpg\" alt=\"punte-redresoare-3a-700v-kbp307-roboromania\" width=\"150\" height=\"153\" \/><\/a><\/p>\n<p>Arduino projects.<\/p>\n","protected":false},"excerpt":{"rendered":"<p>Dioda 1N4007 Compatibil Arduino.<br \/>\nArduino projects.<\/p>\n","protected":false},"featured_media":3660,"comment_status":"open","ping_status":"closed","template":"","meta":[],"product_brand":[],"product_cat":[69],"product_tag":[164,166],"class_list":{"0":"post-3659","1":"product","2":"type-product","3":"status-publish","4":"has-post-thumbnail","6":"product_cat-componente","7":"product_tag-dioda","8":"product_tag-redresor","10":"first","11":"instock","12":"shipping-taxable","13":"purchasable","14":"product-type-simple"},"_links":{"self":[{"href":"https:\/\/roboromania.ro\/index.php?rest_route=\/wp\/v2\/product\/3659","targetHints":{"allow":["GET"]}}],"collection":[{"href":"https:\/\/roboromania.ro\/index.php?rest_route=\/wp\/v2\/product"}],"about":[{"href":"https:\/\/roboromania.ro\/index.php?rest_route=\/wp\/v2\/types\/product"}],"replies":[{"embeddable":true,"href":"https:\/\/roboromania.ro\/index.php?rest_route=%2Fwp%2Fv2%2Fcomments&post=3659"}],"wp:featuredmedia":[{"embeddable":true,"href":"https:\/\/roboromania.ro\/index.php?rest_route=\/wp\/v2\/media\/3660"}],"wp:attachment":[{"href":"https:\/\/roboromania.ro\/index.php?rest_route=%2Fwp%2Fv2%2Fmedia&parent=3659"}],"wp:term":[{"taxonomy":"product_brand","embeddable":true,"href":"https:\/\/roboromania.ro\/index.php?rest_route=%2Fwp%2Fv2%2Fproduct_brand&post=3659"},{"taxonomy":"product_cat","embeddable":true,"href":"https:\/\/roboromania.ro\/index.php?rest_route=%2Fwp%2Fv2%2Fproduct_cat&post=3659"},{"taxonomy":"product_tag","embeddable":true,"href":"https:\/\/roboromania.ro\/index.php?rest_route=%2Fwp%2Fv2%2Fproduct_tag&post=3659"}],"curies":[{"name":"wp","href":"https:\/\/api.w.org\/{rel}","templated":true}]}}