{"id":307,"date":"2015-09-04T14:44:22","date_gmt":"2015-09-04T14:44:22","guid":{"rendered":"http:\/\/arduinoshop.ro\/?post_type=product&#038;p=307"},"modified":"2026-03-31T15:59:55","modified_gmt":"2026-03-31T12:59:55","slug":"motor-5v-reductor-si-roata-robot","status":"publish","type":"product","link":"https:\/\/roboromania.ro\/?product=motor-5v-reductor-si-roata-robot","title":{"rendered":"Motor 5v reductor cu roat\u0103 (171) pentru robot Compatibil Arduino"},"content":{"rendered":"<p>Compatibil Arduino<br \/>\nMotorul alimentat la 5v cu reductor universal cu roat\u0103 pentru robotul 2WD.<br \/>\n<a href=\"http:\/\/roboromania.ro\/wp-content\/uploads\/2015\/09\/Motor-5v-reductor-roata-robot-roboromania.jpg\"><img loading=\"lazy\" decoding=\"async\" class=\"alignnone size-full wp-image-1371\" src=\"http:\/\/roboromania.ro\/wp-content\/uploads\/2015\/09\/Motor-5v-reductor-roata-robot-roboromania.jpg\" alt=\"Motor-5v-reductor-roata-robot-roboromania\" width=\"290\" height=\"209\" \/><\/a><br \/>\n<a href=\"http:\/\/roboromania.ro\/wp-content\/uploads\/2015\/09\/Motor-5v-reductor-robot-roboromania.jpg\"><img loading=\"lazy\" decoding=\"async\" class=\"alignnone size-medium wp-image-925\" src=\"http:\/\/roboromania.ro\/wp-content\/uploads\/2015\/09\/Motor-5v-reductor-robot-roboromania-300x123.jpg\" alt=\"Motor-5v-reductor-robot-roboromania\" width=\"300\" height=\"123\" srcset=\"https:\/\/roboromania.ro\/wp-content\/uploads\/2015\/09\/Motor-5v-reductor-robot-roboromania-300x123.jpg 300w, https:\/\/roboromania.ro\/wp-content\/uploads\/2015\/09\/Motor-5v-reductor-robot-roboromania.jpg 698w\" sizes=\"auto, (max-width: 300px) 100vw, 300px\" \/><\/a><br \/>\n<a href=\"http:\/\/roboromania.ro\/wp-content\/uploads\/2015\/09\/Roata-robot-roboromania.jpg\"><img loading=\"lazy\" decoding=\"async\" class=\"alignnone size-full wp-image-924\" src=\"http:\/\/roboromania.ro\/wp-content\/uploads\/2015\/09\/Roata-robot-roboromania.jpg\" alt=\"Roata-robot-roboromania\" width=\"150\" height=\"150\" \/><\/a><br \/>\nSe preteaz\u0103 foarte bine la proiectele celor care sunt la \u00eenceputul studiului.<br \/>\nMotorul este alimentat la 5v.<br \/>\nCuplul maxim 800gf\/cm (la 3V)<br \/>\nDemultiplicare 1:48 (f\u0103r\u0103 sarcin\u0103 la 3V)<br \/>\nMotor pentru juc\u0103rii cu Arduino.<br \/>\nArduino projects.<\/p>\n","protected":false},"excerpt":{"rendered":"<p>Motor pentru juc\u0103rii Compatibil Arduino<\/p>\n","protected":false},"featured_media":1839,"comment_status":"open","ping_status":"closed","template":"","meta":[],"product_brand":[],"product_cat":[210],"product_tag":[7,131,18,132],"class_list":{"0":"post-307","1":"product","2":"type-product","3":"status-publish","4":"has-post-thumbnail","6":"product_cat-motoare","7":"product_tag-arduino","8":"product_tag-driver","9":"product_tag-motor","10":"product_tag-roata","12":"first","13":"outofstock","14":"shipping-taxable","15":"purchasable","16":"product-type-simple"},"_links":{"self":[{"href":"https:\/\/roboromania.ro\/index.php?rest_route=\/wp\/v2\/product\/307","targetHints":{"allow":["GET"]}}],"collection":[{"href":"https:\/\/roboromania.ro\/index.php?rest_route=\/wp\/v2\/product"}],"about":[{"href":"https:\/\/roboromania.ro\/index.php?rest_route=\/wp\/v2\/types\/product"}],"replies":[{"embeddable":true,"href":"https:\/\/roboromania.ro\/index.php?rest_route=%2Fwp%2Fv2%2Fcomments&post=307"}],"wp:featuredmedia":[{"embeddable":true,"href":"https:\/\/roboromania.ro\/index.php?rest_route=\/wp\/v2\/media\/1839"}],"wp:attachment":[{"href":"https:\/\/roboromania.ro\/index.php?rest_route=%2Fwp%2Fv2%2Fmedia&parent=307"}],"wp:term":[{"taxonomy":"product_brand","embeddable":true,"href":"https:\/\/roboromania.ro\/index.php?rest_route=%2Fwp%2Fv2%2Fproduct_brand&post=307"},{"taxonomy":"product_cat","embeddable":true,"href":"https:\/\/roboromania.ro\/index.php?rest_route=%2Fwp%2Fv2%2Fproduct_cat&post=307"},{"taxonomy":"product_tag","embeddable":true,"href":"https:\/\/roboromania.ro\/index.php?rest_route=%2Fwp%2Fv2%2Fproduct_tag&post=307"}],"curies":[{"name":"wp","href":"https:\/\/api.w.org\/{rel}","templated":true}]}}