{"id":2799,"date":"2017-03-19T14:04:10","date_gmt":"2017-03-19T11:04:10","guid":{"rendered":"http:\/\/roboromania.ro\/produs\/set-led-rosu-5mm-10-bucati-rezistente-220-10-bucati\/"},"modified":"2022-11-16T10:11:37","modified_gmt":"2022-11-16T07:11:37","slug":"set-led-rosu-5mm-10-bucati-rezistente-220-10-bucati","status":"publish","type":"product","link":"https:\/\/roboromania.ro\/?product=set-led-rosu-5mm-10-bucati-rezistente-220-10-bucati","title":{"rendered":"Set LED albastru 5mm (10 buc\u0103\u021bi) + rezistente 220 (10 buc\u0103\u021bi) (460)"},"content":{"rendered":"<p>Set LED albastru 5mm (10 buc\u0103\u021bi) + rezistente 220 (10 buc\u0103\u021bi)<br \/>\n5mm<\/p>\n<p><a href=\"http:\/\/roboromania.ro\/wp-content\/uploads\/2017\/03\/LED-set10-rosu-verde-galben-roboromania.jpg\"><img loading=\"lazy\" decoding=\"async\" class=\"alignnone size-full wp-image-2801\" src=\"http:\/\/roboromania.ro\/wp-content\/uploads\/2017\/03\/LED-set10-rosu-verde-galben-roboromania.jpg\" alt=\"led-set10-rosu-verde-galben-roboromania\" width=\"99\" height=\"69\" \/><\/a><a href=\"https:\/\/roboromania.ro\/wp-content\/uploads\/2015\/11\/LED-robo-romania.jpeg\"><img loading=\"lazy\" decoding=\"async\" class=\"alignnone size-full wp-image-763\" src=\"https:\/\/roboromania.ro\/wp-content\/uploads\/2015\/11\/LED-robo-romania.jpeg\" alt=\"LED-robo-romania\" width=\"150\" height=\"146\" \/><\/a><br \/>\nTensiune de alimentare : 2,4v<br \/>\nCurent : 25 mA<br \/>\nTensiune de alimentare maxim\u0103 : 2,9v<br \/>\nATEN\u0162IE : nu dep\u0103\u015fi\u0163i tensiunea maxim\u0103 de alimentare.<br \/>\nLedurile sunt indispensabile pentru proiectele Arduino.<br \/>\nLa Arduino projects.<\/p>\n","protected":false},"excerpt":{"rendered":"<p>LED la Arduino projects.<\/p>\n","protected":false},"featured_media":2801,"comment_status":"open","ping_status":"closed","template":"","meta":[],"product_brand":[],"product_cat":[250,69],"product_tag":[7,143,149,146],"class_list":{"0":"post-2799","1":"product","2":"type-product","3":"status-publish","4":"has-post-thumbnail","6":"product_cat-led","7":"product_cat-componente","8":"product_tag-arduino","9":"product_tag-led","10":"product_tag-red","11":"product_tag-rosu","13":"first","14":"instock","15":"shipping-taxable","16":"purchasable","17":"product-type-simple"},"_links":{"self":[{"href":"https:\/\/roboromania.ro\/index.php?rest_route=\/wp\/v2\/product\/2799","targetHints":{"allow":["GET"]}}],"collection":[{"href":"https:\/\/roboromania.ro\/index.php?rest_route=\/wp\/v2\/product"}],"about":[{"href":"https:\/\/roboromania.ro\/index.php?rest_route=\/wp\/v2\/types\/product"}],"replies":[{"embeddable":true,"href":"https:\/\/roboromania.ro\/index.php?rest_route=%2Fwp%2Fv2%2Fcomments&post=2799"}],"wp:featuredmedia":[{"embeddable":true,"href":"https:\/\/roboromania.ro\/index.php?rest_route=\/wp\/v2\/media\/2801"}],"wp:attachment":[{"href":"https:\/\/roboromania.ro\/index.php?rest_route=%2Fwp%2Fv2%2Fmedia&parent=2799"}],"wp:term":[{"taxonomy":"product_brand","embeddable":true,"href":"https:\/\/roboromania.ro\/index.php?rest_route=%2Fwp%2Fv2%2Fproduct_brand&post=2799"},{"taxonomy":"product_cat","embeddable":true,"href":"https:\/\/roboromania.ro\/index.php?rest_route=%2Fwp%2Fv2%2Fproduct_cat&post=2799"},{"taxonomy":"product_tag","embeddable":true,"href":"https:\/\/roboromania.ro\/index.php?rest_route=%2Fwp%2Fv2%2Fproduct_tag&post=2799"}],"curies":[{"name":"wp","href":"https:\/\/api.w.org\/{rel}","templated":true}]}}