{"id":1525,"date":"2016-05-12T13:59:11","date_gmt":"2016-05-12T10:59:11","guid":{"rendered":"http:\/\/roboromania.ro\/produs\/termostat-online-uno-kit-construieste-singur\/"},"modified":"2025-11-24T16:32:03","modified_gmt":"2025-11-24T13:32:03","slug":"termostat-online-uno-kit-construieste-singur","status":"publish","type":"product","link":"https:\/\/roboromania.ro\/?product=termostat-online-uno-kit-construieste-singur","title":{"rendered":"Termostat Online Uno Kit &#8211; Construie\u0219te singur"},"content":{"rendered":"<p>Proiect tip Arduino <a href=\"http:\/\/roboromania.ro\/2015\/11\/25\/termostat-online\/\" target=\"_blank\" rel=\"noopener\">Termostat Online Kit<\/a> Construie\u0219te singur<\/p>\n<p>Acesta este un proiect realizat de noi \u015fi este pe larg prezentat la sec\u021biunea &#8222;<a href=\"http:\/\/roboromania.ro\/projects\/\" target=\"_blank\" rel=\"noopener\">Projects<\/a>&#8221;<br \/>\nKit-ul con\u0163ine tot ce ai nevoie ca s\u0103 po\u0163i construi un Arduino Termostat Online.<br \/>\nEste de ajuns s\u0103 asamblezi configura\u0163ia hardware corespunz\u0103toare \u015fi s\u0103 introduci pe aceasta un program, pentru a avea un echipament gata de func\u0163ionare.<br \/>\nApoi dup\u0103 ce te mai perfec\u0163ionezi, po\u0163i s\u0103 adaugi \u015fi al\u021bi senzori \u0219i relee.<br \/>\n<a href=\"http:\/\/roboromania.ro\/wp-content\/uploads\/2016\/05\/Termostat-Online-Uno-kit-roboromania-kit.jpg\"><img loading=\"lazy\" decoding=\"async\" class=\"alignnone size-medium wp-image-1526\" src=\"http:\/\/roboromania.ro\/wp-content\/uploads\/2016\/05\/Termostat-Online-Uno-kit-roboromania-kit-300x182.jpg\" alt=\"Termostat-Online-Uno-kit-roboromania-kit\" width=\"300\" height=\"182\" srcset=\"https:\/\/roboromania.ro\/wp-content\/uploads\/2016\/05\/Termostat-Online-Uno-kit-roboromania-kit-300x182.jpg 300w, https:\/\/roboromania.ro\/wp-content\/uploads\/2016\/05\/Termostat-Online-Uno-kit-roboromania-kit.jpg 780w\" sizes=\"auto, (max-width: 300px) 100vw, 300px\" \/><\/a><br \/>\nCon\u0163inut:<br \/>\nPlaca de dezvoltare compatibila Arduino UNO<br \/>\nModul 2 relee \u0219i 2 canale la 5v<br \/>\nModul Ethernet W5100 TCP \/ IP<br \/>\n3 Senzori de temperatura DS18b20 waterproof<br \/>\nPlac\u0103 prototip 3\u00d77 cm pentru proiecte Arduino<br \/>\nCabluri Dupont (20 buc\u0103\u021bi)<br \/>\nConector terminal 3 \u015furuburi (3 buc\u0103\u021bi)<br \/>\nAlimentator compatibil Arduino dedicat 9V 1A (op\u021bional) trebuie comandat separat.<\/p>\n<p><a href=\"http:\/\/roboromania.ro\/wp-content\/uploads\/2016\/05\/termostat-UNO.jpg\"><img loading=\"lazy\" decoding=\"async\" class=\"alignnone size-medium wp-image-1984\" src=\"http:\/\/roboromania.ro\/wp-content\/uploads\/2016\/05\/termostat-UNO-300x186.jpg\" alt=\"termostat UNO\" width=\"300\" height=\"186\" srcset=\"https:\/\/roboromania.ro\/wp-content\/uploads\/2016\/05\/termostat-UNO-300x186.jpg 300w, https:\/\/roboromania.ro\/wp-content\/uploads\/2016\/05\/termostat-UNO-1024x635.jpg 1024w, https:\/\/roboromania.ro\/wp-content\/uploads\/2016\/05\/termostat-UNO.jpg 1341w\" sizes=\"auto, (max-width: 300px) 100vw, 300px\" \/><\/a><\/p>\n","protected":false},"excerpt":{"rendered":"<p>Termostat Online Kit &#8211; Construie\u0219te singur<br \/>\ncompatibil Arduino<\/p>\n","protected":false},"featured_media":1527,"comment_status":"open","ping_status":"closed","template":"","meta":[],"product_brand":[],"product_cat":[177],"product_tag":[7,90],"class_list":{"0":"post-1525","1":"product","2":"type-product","3":"status-publish","4":"has-post-thumbnail","6":"product_cat-kituri-complete-pentru-proiecte","7":"product_tag-arduino","8":"product_tag-kit","10":"first","11":"instock","12":"sold-individually","13":"shipping-taxable","14":"purchasable","15":"product-type-simple"},"_links":{"self":[{"href":"https:\/\/roboromania.ro\/index.php?rest_route=\/wp\/v2\/product\/1525","targetHints":{"allow":["GET"]}}],"collection":[{"href":"https:\/\/roboromania.ro\/index.php?rest_route=\/wp\/v2\/product"}],"about":[{"href":"https:\/\/roboromania.ro\/index.php?rest_route=\/wp\/v2\/types\/product"}],"replies":[{"embeddable":true,"href":"https:\/\/roboromania.ro\/index.php?rest_route=%2Fwp%2Fv2%2Fcomments&post=1525"}],"wp:featuredmedia":[{"embeddable":true,"href":"https:\/\/roboromania.ro\/index.php?rest_route=\/wp\/v2\/media\/1527"}],"wp:attachment":[{"href":"https:\/\/roboromania.ro\/index.php?rest_route=%2Fwp%2Fv2%2Fmedia&parent=1525"}],"wp:term":[{"taxonomy":"product_brand","embeddable":true,"href":"https:\/\/roboromania.ro\/index.php?rest_route=%2Fwp%2Fv2%2Fproduct_brand&post=1525"},{"taxonomy":"product_cat","embeddable":true,"href":"https:\/\/roboromania.ro\/index.php?rest_route=%2Fwp%2Fv2%2Fproduct_cat&post=1525"},{"taxonomy":"product_tag","embeddable":true,"href":"https:\/\/roboromania.ro\/index.php?rest_route=%2Fwp%2Fv2%2Fproduct_tag&post=1525"}],"curies":[{"name":"wp","href":"https:\/\/api.w.org\/{rel}","templated":true}]}}